{"id":34,"date":"2018-08-19T10:16:31","date_gmt":"2018-08-19T08:16:31","guid":{"rendered":"http:\/\/www.juvesi.fi\/?page_id=34"},"modified":"2024-09-03T15:31:07","modified_gmt":"2024-09-03T13:31:07","slug":"ryhmien-toiminta","status":"publish","type":"page","link":"https:\/\/www.juvesi.fi\/?page_id=34","title":{"rendered":"Ryhmien toiminta"},"content":{"rendered":"<h3><strong>Syksy 2023<\/strong><\/h3>\n<table style=\"height: 547px;\" width=\"859\" cellspacing=\"0\" cellpadding=\"0\">\n<tbody>\n<tr>\n<td valign=\"top\">\n<p><span style=\"color: #000000; font-family: Calibri; font-size: medium;\"><b>Maanantai<\/b><\/span><\/p>\n<\/td>\n<td valign=\"top\">\n<p><strong><span style=\"color: #000000; font-family: Calibri; font-size: medium;\">Tiistai<\/span><\/strong><\/p>\n<\/td>\n<td valign=\"top\">\n<p><strong><span style=\"color: #000000; font-family: Calibri; font-size: medium;\">Keskiviikko<\/span><\/strong><\/p>\n<\/td>\n<td valign=\"top\">\n<p><strong><span style=\"color: #000000; font-family: Calibri; font-size: medium;\">Torstai<\/span><\/strong><\/p>\n<\/td>\n<\/tr>\n<tr>\n<td valign=\"top\">\n<p><span style=\"color: #000000; font-family: Calibri; font-size: medium;\"><b>17.45-19.15 \u00a0J\u00e4k\u00e4l\u00e4 leppikset, <\/b><\/span><\/p>\n<p><span style=\"color: #000000; font-family: Calibri; font-size: medium;\">uudet sudenpennut (2017syntyneet)<\/span><\/p>\n<p>\u00a0<\/p>\n<\/td>\n<td valign=\"top\">\n<p><span style=\"color: #000000; font-family: Calibri; font-size: medium;\"><b>17.30-19.00 <\/b><\/span><\/p>\n<p><span style=\"color: #000000; font-family: Calibri; font-size: medium;\"><b>Pikku tikut<\/b><\/span><\/p>\n<p><span style=\"color: #000000; font-family: Calibri; font-size: medium;\">(1.v. seikkailijat)<\/span><\/p>\n<\/td>\n<td valign=\"top\">\n<p><span style=\"color: #000000; font-family: Calibri; font-size: medium;\"><b>17.30-19.00 Nen\u00e4apinat<\/b><\/span><\/p>\n<p><span style=\"color: #000000; font-family: Calibri; font-size: medium;\"> (2.v. sudenpennut)<\/span><\/p>\n<p>17.30-19.00 Susikoirat<\/p>\n<p>(3.v. sudenpennut)<\/p>\n<\/td>\n<td valign=\"top\">\n<p>\u00a0<\/p>\n<\/td>\n<\/tr>\n<tr>\n<td valign=\"top\">\n<p>\u00a0<\/p>\n<\/td>\n<td valign=\"top\">\n<p>18.30-20 NAM ja Goblin katit<\/p>\n<p>(2 ja 3.v. seikkailijat)<\/p>\n<\/td>\n<td valign=\"top\">\u00a0<\/td>\n<td valign=\"top\">\u00a0<\/td>\n<\/tr>\n<tr>\n<td valign=\"top\">\n<p>19-20.30 Kerma tenevat ja poromafia<\/p>\n<p>(tarpojat)<\/p>\n<\/td>\n<td valign=\"top\">\u00a0<\/td>\n<td valign=\"top\">\n<p>\u00a0<\/p>\n<\/td>\n<td valign=\"top\">\u00a0<\/td>\n<\/tr>\n<\/tbody>\n<\/table>\n<h2><b>Sudenpennut<\/b><\/h2>\n<p><span style=\"font-weight: 400;\">Sudenpennut ovat 7-10 -vuotiaita partiolaisia, joita johtaa aikuinen laumanjohtaja eli akela. Sudenpentulaumassa on 10-20 j\u00e4sent\u00e4. Sudenpentujen ohjelma koostuu viikkotoiminnasta jossa suoritetaan j\u00e4lki\u00e4 ja askelia, sek\u00e4 lippukunnan yhteisiin tapahtumiin osallistumisesta.<\/span><\/p>\n<h2><b>Seikkailijat<\/b><\/h2>\n<p><span style=\"font-weight: 400;\">Seikkailijat ovat 10-12 -vuotiaita partiolaisia, jotka muodostavat 10-15 henkil\u00f6n seikkailijajoukkueen. Joukkueen johtajana toimii sampo. Seikkailijoiden ohjelma koostuu viikkotoiminnasta ja joukkueen omista retkist\u00e4, sek\u00e4 lippukunnan yhteisiin tapahtumiin osallistumisesta. Seikkailijat suorittavat taitomerkkej\u00e4 ja ilmansuuntia. Seikkailijat voivat halutessaan osallistua my\u00f6s alueen tai Uudenmaan partiopiirin tapahtumiin, jotka on suunnattu seikkailijoille.<\/span><\/p>\n<h2><b>Tarpojat<\/b><\/h2>\n<p><span style=\"font-weight: 400;\">Tarpojat ovat 12-15 -vuotiaita partiolaisia jotka muodostavat 4-12 hengen tarpojavartion. Tarpojavartiota johtaa samoaja- tai vaeltajaik\u00e4inen johtaja tai johtajapari aikuisen luotsin tuella. Tarpojien ohjelma koostuu viikkokokoontumisista, omista retkist\u00e4, lippukunnan yhteisiin tapahtumiin osallistumisista sek\u00e4 alueen, piirin ja Suomen Partiolaisten yhteisist\u00e4 tapahtumista. Tarpojaohjelma on jaettu nelj\u00e4\u00e4n tarppoon, jotka koostuvat eri aktiviteeteist\u00e4 ja huipentuvat majakkaan.<\/span><\/p>\n<h2>Samoajat<\/h2>\n<p><span style=\"font-weight: 400;\">Samoajat ovat 15 \u2013 17 -vuotiaita partiolaisia, jotka toimivat 4-12 hengen vartioissa. Vartioissa toimii vertaisjohtajuus, eli vartiota johtaa vuorotellen yksi ryhm\u00e4n j\u00e4senist\u00e4 aikuisen luotsin tuella, ja ryhm\u00e4 tekee yhdess\u00e4 p\u00e4\u00e4t\u00f6ksi\u00e4 omasta toiminnastaan. Samoajaohjelma koostuu viikkotoiminnasta, retkist\u00e4 ja lippukunnan, alueen, piirin ja SP:n tapahtumiin osallistumista. Samoajien aktiviteetteja kutsutaan taskuiksi. Niiden lis\u00e4ksi samoajien toimintaan kuuluu muun muassa Ryhm\u00e4nohjaajakoulutus eli ROK, jonka k\u00e4ymisen j\u00e4lkeen samoajia kannustetaan tarpojaryhm\u00e4n vet\u00e4miseen.<\/span><\/p>\n<h2><b>Vaeltajat<\/b><\/h2>\n<p><span style=\"font-weight: 400;\">Vaeltajat ovat 18\u201322 -vuotiaita partiolaisia. Vaeltajaohjelma on monimuotoista, ja jokainen vaeltaja voi itse valita erilaisista aktiviteettikokonaisuuksista itse\u00e4\u00e4n kiinnostavia aktiviteetteja. Ohjelma voi sis\u00e4lt\u00e4\u00e4 esimerkiksi viikkotoimintaa, retki\u00e4, leirej\u00e4, jonkin partiopestin hoitamista tai lippukunnan, alueen, piirin, SP:n, maailmanj\u00e4rjest\u00f6n tai muiden kansallisten partioj\u00e4rjest\u00f6jen toimintaan osallistumista.<\/span><\/p>\n<h2><b>Aikuiset<\/b><\/h2>\n<p><span style=\"font-weight: 400;\">Partiossa aikuiset (yli 22-v.) toimivat ensisijaisesti partiotoiminnan mahdollistajina, toimien vapaaehtoisina ryhm\u00e4njohtajina, lippukunnan hallituksessa tai muissa partiopesteiss\u00e4. <\/span><\/p>\n<h2>Perhepartio<\/h2>\n<p>Perhepartiossa alle kouluik\u00e4iset lapset p\u00e4\u00e4sev\u00e4t yhdess\u00e4 vanhempiensa (tai muun l\u00e4hipiiriin kuuluvan aikuisen) kanssa tutustumaan toisiinsa, partiolaisten perinteisiin, partion arvoihin ja tavoitteisiin sek\u00e4 lippukunnan toimintaan leppoisassa tahdissa leikkien, ulkoilun, askartelun ja muun hauskan puuhastelun sek\u00e4 retkien kautta. Kokoontumisia on noin kerran kuussa, ajoittuen lauantain tai sunnuntain aamup\u00e4iv\u00e4\u00e4n.<\/p>\n<p>Mik\u00e4li kiinnostuit, laita s\u00e4hk\u00f6postia Minttu Rantalalle\u00a0<a href=\"mailto:rantala.minttu@gmail.com\" target=\"_blank\" rel=\"noopener\">rantala.minttu@<wbr \/>gmail.com<\/a>\u00a0lis\u00e4tietoja varten.<\/p>\n\n\n<p><\/p>\n","protected":false},"excerpt":{"rendered":"<p>Syksy 2023 Maanantai Tiistai Keskiviikko Torstai 17.45-19.15 \u00a0J\u00e4k\u00e4l\u00e4 leppikset, uudet sudenpennut (2017syntyneet) \u00a0 17.30-19.00 Pikku tikut (1.v. seikkailijat) 17.30-19.00 Nen\u00e4apinat (2.v. sudenpennut) 17.30-19.00 Susikoirat (3.v&#8230;.<\/p>\n","protected":false},"author":2,"featured_media":0,"parent":0,"menu_order":0,"comment_status":"closed","ping_status":"closed","template":"","meta":{"_exactmetrics_skip_tracking":false,"_exactmetrics_sitenote_active":false,"_exactmetrics_sitenote_note":"","_exactmetrics_sitenote_category":0,"footnotes":""},"_links":{"self":[{"href":"https:\/\/www.juvesi.fi\/index.php?rest_route=\/wp\/v2\/pages\/34"}],"collection":[{"href":"https:\/\/www.juvesi.fi\/index.php?rest_route=\/wp\/v2\/pages"}],"about":[{"href":"https:\/\/www.juvesi.fi\/index.php?rest_route=\/wp\/v2\/types\/page"}],"author":[{"embeddable":true,"href":"https:\/\/www.juvesi.fi\/index.php?rest_route=\/wp\/v2\/users\/2"}],"replies":[{"embeddable":true,"href":"https:\/\/www.juvesi.fi\/index.php?rest_route=%2Fwp%2Fv2%2Fcomments&post=34"}],"version-history":[{"count":9,"href":"https:\/\/www.juvesi.fi\/index.php?rest_route=\/wp\/v2\/pages\/34\/revisions"}],"predecessor-version":[{"id":479,"href":"https:\/\/www.juvesi.fi\/index.php?rest_route=\/wp\/v2\/pages\/34\/revisions\/479"}],"wp:attachment":[{"href":"https:\/\/www.juvesi.fi\/index.php?rest_route=%2Fwp%2Fv2%2Fmedia&parent=34"}],"curies":[{"name":"wp","href":"https:\/\/api.w.org\/{rel}","templated":true}]}}